{"id":644,"date":"2025-07-13T06:57:02","date_gmt":"2025-07-13T06:57:02","guid":{"rendered":"https:\/\/www.hakojarvi.com\/?page_id=644"},"modified":"2025-07-13T06:57:02","modified_gmt":"2025-07-13T06:57:02","slug":"2024-2","status":"publish","type":"page","link":"https:\/\/www.hakojarvi.com\/index.php\/2024-2\/","title":{"rendered":"2024"},"content":{"rendered":"\n<p>Kuvia SM Tuuri Rallista 8.3.2024 EK1 -osuudelta Kettum\u00e4entie &#8211; Lehtom\u00e4entie -risteysalueelta<\/p>\n\n\n\n<figure class=\"wp-block-image size-large\"><img decoding=\"async\" loading=\"lazy\" width=\"1024\" height=\"683\" src=\"https:\/\/www.hakojarvi.com\/wp-content\/uploads\/2025\/07\/DSC0017-1024x683.jpg\" alt=\"\" class=\"wp-image-647\" srcset=\"https:\/\/www.hakojarvi.com\/wp-content\/uploads\/2025\/07\/DSC0017-1024x683.jpg 1024w, https:\/\/www.hakojarvi.com\/wp-content\/uploads\/2025\/07\/DSC0017-300x200.jpg 300w, https:\/\/www.hakojarvi.com\/wp-content\/uploads\/2025\/07\/DSC0017-768x512.jpg 768w, https:\/\/www.hakojarvi.com\/wp-content\/uploads\/2025\/07\/DSC0017-1536x1025.jpg 1536w, https:\/\/www.hakojarvi.com\/wp-content\/uploads\/2025\/07\/DSC0017-2048x1367.jpg 2048w, https:\/\/www.hakojarvi.com\/wp-content\/uploads\/2025\/07\/DSC0017-2000x1335.jpg 2000w\" sizes=\"(max-width: 1024px) 100vw, 1024px\" \/><\/figure>\n\n\n\n<figure class=\"wp-block-image size-large\"><img decoding=\"async\" loading=\"lazy\" width=\"1024\" height=\"683\" src=\"https:\/\/www.hakojarvi.com\/wp-content\/uploads\/2025\/07\/DSC0018-1024x683.jpg\" alt=\"\" class=\"wp-image-648\" srcset=\"https:\/\/www.hakojarvi.com\/wp-content\/uploads\/2025\/07\/DSC0018-1024x683.jpg 1024w, https:\/\/www.hakojarvi.com\/wp-content\/uploads\/2025\/07\/DSC0018-300x200.jpg 300w, https:\/\/www.hakojarvi.com\/wp-content\/uploads\/2025\/07\/DSC0018-768x512.jpg 768w, https:\/\/www.hakojarvi.com\/wp-content\/uploads\/2025\/07\/DSC0018-1536x1025.jpg 1536w, https:\/\/www.hakojarvi.com\/wp-content\/uploads\/2025\/07\/DSC0018-2048x1367.jpg 2048w, https:\/\/www.hakojarvi.com\/wp-content\/uploads\/2025\/07\/DSC0018-2000x1335.jpg 2000w\" sizes=\"(max-width: 1024px) 100vw, 1024px\" \/><\/figure>\n\n\n\n<figure class=\"wp-block-image size-large\"><img decoding=\"async\" loading=\"lazy\" width=\"1024\" height=\"683\" src=\"https:\/\/www.hakojarvi.com\/wp-content\/uploads\/2025\/07\/DSC0022-1024x683.jpg\" alt=\"\" class=\"wp-image-649\" srcset=\"https:\/\/www.hakojarvi.com\/wp-content\/uploads\/2025\/07\/DSC0022-1024x683.jpg 1024w, https:\/\/www.hakojarvi.com\/wp-content\/uploads\/2025\/07\/DSC0022-300x200.jpg 300w, https:\/\/www.hakojarvi.com\/wp-content\/uploads\/2025\/07\/DSC0022-768x512.jpg 768w, https:\/\/www.hakojarvi.com\/wp-content\/uploads\/2025\/07\/DSC0022-1536x1025.jpg 1536w, https:\/\/www.hakojarvi.com\/wp-content\/uploads\/2025\/07\/DSC0022-2048x1367.jpg 2048w, https:\/\/www.hakojarvi.com\/wp-content\/uploads\/2025\/07\/DSC0022-2000x1335.jpg 2000w\" sizes=\"(max-width: 1024px) 100vw, 1024px\" \/><\/figure>\n\n\n\n<figure class=\"wp-block-image size-large\"><img decoding=\"async\" loading=\"lazy\" width=\"1024\" height=\"683\" src=\"https:\/\/www.hakojarvi.com\/wp-content\/uploads\/2025\/07\/DSC0035-1024x683.jpg\" alt=\"\" class=\"wp-image-650\" srcset=\"https:\/\/www.hakojarvi.com\/wp-content\/uploads\/2025\/07\/DSC0035-1024x683.jpg 1024w, https:\/\/www.hakojarvi.com\/wp-content\/uploads\/2025\/07\/DSC0035-300x200.jpg 300w, https:\/\/www.hakojarvi.com\/wp-content\/uploads\/2025\/07\/DSC0035-768x512.jpg 768w, https:\/\/www.hakojarvi.com\/wp-content\/uploads\/2025\/07\/DSC0035-1536x1025.jpg 1536w, https:\/\/www.hakojarvi.com\/wp-content\/uploads\/2025\/07\/DSC0035-2048x1367.jpg 2048w, https:\/\/www.hakojarvi.com\/wp-content\/uploads\/2025\/07\/DSC0035-2000x1335.jpg 2000w\" sizes=\"(max-width: 1024px) 100vw, 1024px\" \/><\/figure>\n\n\n\n<figure class=\"wp-block-image size-large\"><img decoding=\"async\" loading=\"lazy\" width=\"1024\" height=\"683\" src=\"https:\/\/www.hakojarvi.com\/wp-content\/uploads\/2025\/07\/DSC0036-1024x683.jpg\" alt=\"\" class=\"wp-image-651\" srcset=\"https:\/\/www.hakojarvi.com\/wp-content\/uploads\/2025\/07\/DSC0036-1024x683.jpg 1024w, https:\/\/www.hakojarvi.com\/wp-content\/uploads\/2025\/07\/DSC0036-300x200.jpg 300w, https:\/\/www.hakojarvi.com\/wp-content\/uploads\/2025\/07\/DSC0036-768x512.jpg 768w, https:\/\/www.hakojarvi.com\/wp-content\/uploads\/2025\/07\/DSC0036-1536x1025.jpg 1536w, https:\/\/www.hakojarvi.com\/wp-content\/uploads\/2025\/07\/DSC0036-2048x1367.jpg 2048w, https:\/\/www.hakojarvi.com\/wp-content\/uploads\/2025\/07\/DSC0036-2000x1335.jpg 2000w\" sizes=\"(max-width: 1024px) 100vw, 1024px\" \/><\/figure>\n\n\n\n<figure class=\"wp-block-image size-large\"><img decoding=\"async\" loading=\"lazy\" width=\"1024\" height=\"683\" src=\"https:\/\/www.hakojarvi.com\/wp-content\/uploads\/2025\/07\/DSC0038-1024x683.jpg\" alt=\"\" class=\"wp-image-652\" srcset=\"https:\/\/www.hakojarvi.com\/wp-content\/uploads\/2025\/07\/DSC0038-1024x683.jpg 1024w, https:\/\/www.hakojarvi.com\/wp-content\/uploads\/2025\/07\/DSC0038-300x200.jpg 300w, https:\/\/www.hakojarvi.com\/wp-content\/uploads\/2025\/07\/DSC0038-768x512.jpg 768w, https:\/\/www.hakojarvi.com\/wp-content\/uploads\/2025\/07\/DSC0038-1536x1025.jpg 1536w, https:\/\/www.hakojarvi.com\/wp-content\/uploads\/2025\/07\/DSC0038-2048x1367.jpg 2048w, https:\/\/www.hakojarvi.com\/wp-content\/uploads\/2025\/07\/DSC0038-2000x1335.jpg 2000w\" sizes=\"(max-width: 1024px) 100vw, 1024px\" \/><\/figure>\n\n\n\n<figure class=\"wp-block-image size-large\"><img decoding=\"async\" loading=\"lazy\" width=\"1024\" height=\"683\" src=\"https:\/\/www.hakojarvi.com\/wp-content\/uploads\/2025\/07\/DSC0039-1024x683.jpg\" alt=\"\" class=\"wp-image-653\" srcset=\"https:\/\/www.hakojarvi.com\/wp-content\/uploads\/2025\/07\/DSC0039-1024x683.jpg 1024w, https:\/\/www.hakojarvi.com\/wp-content\/uploads\/2025\/07\/DSC0039-300x200.jpg 300w, https:\/\/www.hakojarvi.com\/wp-content\/uploads\/2025\/07\/DSC0039-768x512.jpg 768w, https:\/\/www.hakojarvi.com\/wp-content\/uploads\/2025\/07\/DSC0039-1536x1025.jpg 1536w, https:\/\/www.hakojarvi.com\/wp-content\/uploads\/2025\/07\/DSC0039-2048x1367.jpg 2048w, https:\/\/www.hakojarvi.com\/wp-content\/uploads\/2025\/07\/DSC0039-2000x1335.jpg 2000w\" sizes=\"(max-width: 1024px) 100vw, 1024px\" \/><\/figure>\n\n\n\n<figure class=\"wp-block-image size-large\"><img decoding=\"async\" loading=\"lazy\" width=\"1024\" height=\"683\" src=\"https:\/\/www.hakojarvi.com\/wp-content\/uploads\/2025\/07\/DSC0040-1024x683.jpg\" alt=\"\" class=\"wp-image-654\" srcset=\"https:\/\/www.hakojarvi.com\/wp-content\/uploads\/2025\/07\/DSC0040-1024x683.jpg 1024w, https:\/\/www.hakojarvi.com\/wp-content\/uploads\/2025\/07\/DSC0040-300x200.jpg 300w, https:\/\/www.hakojarvi.com\/wp-content\/uploads\/2025\/07\/DSC0040-768x512.jpg 768w, https:\/\/www.hakojarvi.com\/wp-content\/uploads\/2025\/07\/DSC0040-1536x1025.jpg 1536w, https:\/\/www.hakojarvi.com\/wp-content\/uploads\/2025\/07\/DSC0040-2048x1367.jpg 2048w, https:\/\/www.hakojarvi.com\/wp-content\/uploads\/2025\/07\/DSC0040-2000x1335.jpg 2000w\" sizes=\"(max-width: 1024px) 100vw, 1024px\" \/><\/figure>\n\n\n\n<figure class=\"wp-block-image size-large\"><img decoding=\"async\" loading=\"lazy\" width=\"1024\" height=\"683\" src=\"https:\/\/www.hakojarvi.com\/wp-content\/uploads\/2025\/07\/DSC0041-1024x683.jpg\" alt=\"\" class=\"wp-image-655\" srcset=\"https:\/\/www.hakojarvi.com\/wp-content\/uploads\/2025\/07\/DSC0041-1024x683.jpg 1024w, https:\/\/www.hakojarvi.com\/wp-content\/uploads\/2025\/07\/DSC0041-300x200.jpg 300w, https:\/\/www.hakojarvi.com\/wp-content\/uploads\/2025\/07\/DSC0041-768x512.jpg 768w, https:\/\/www.hakojarvi.com\/wp-content\/uploads\/2025\/07\/DSC0041-1536x1025.jpg 1536w, https:\/\/www.hakojarvi.com\/wp-content\/uploads\/2025\/07\/DSC0041-2048x1367.jpg 2048w, https:\/\/www.hakojarvi.com\/wp-content\/uploads\/2025\/07\/DSC0041-2000x1335.jpg 2000w\" sizes=\"(max-width: 1024px) 100vw, 1024px\" \/><\/figure>\n\n\n\n<figure class=\"wp-block-image size-large\"><img decoding=\"async\" loading=\"lazy\" width=\"1024\" height=\"683\" src=\"https:\/\/www.hakojarvi.com\/wp-content\/uploads\/2025\/07\/DSC0044-1024x683.jpg\" alt=\"\" class=\"wp-image-656\" srcset=\"https:\/\/www.hakojarvi.com\/wp-content\/uploads\/2025\/07\/DSC0044-1024x683.jpg 1024w, https:\/\/www.hakojarvi.com\/wp-content\/uploads\/2025\/07\/DSC0044-300x200.jpg 300w, https:\/\/www.hakojarvi.com\/wp-content\/uploads\/2025\/07\/DSC0044-768x512.jpg 768w, https:\/\/www.hakojarvi.com\/wp-content\/uploads\/2025\/07\/DSC0044-1536x1025.jpg 1536w, https:\/\/www.hakojarvi.com\/wp-content\/uploads\/2025\/07\/DSC0044-2048x1367.jpg 2048w, https:\/\/www.hakojarvi.com\/wp-content\/uploads\/2025\/07\/DSC0044-2000x1335.jpg 2000w\" sizes=\"(max-width: 1024px) 100vw, 1024px\" \/><\/figure>\n\n\n\n<figure class=\"wp-block-image size-large\"><img decoding=\"async\" loading=\"lazy\" width=\"1024\" height=\"683\" src=\"https:\/\/www.hakojarvi.com\/wp-content\/uploads\/2025\/07\/DSC0047-1024x683.jpg\" alt=\"\" class=\"wp-image-657\" srcset=\"https:\/\/www.hakojarvi.com\/wp-content\/uploads\/2025\/07\/DSC0047-1024x683.jpg 1024w, https:\/\/www.hakojarvi.com\/wp-content\/uploads\/2025\/07\/DSC0047-300x200.jpg 300w, https:\/\/www.hakojarvi.com\/wp-content\/uploads\/2025\/07\/DSC0047-768x512.jpg 768w, https:\/\/www.hakojarvi.com\/wp-content\/uploads\/2025\/07\/DSC0047-1536x1025.jpg 1536w, https:\/\/www.hakojarvi.com\/wp-content\/uploads\/2025\/07\/DSC0047-2048x1367.jpg 2048w, https:\/\/www.hakojarvi.com\/wp-content\/uploads\/2025\/07\/DSC0047-2000x1335.jpg 2000w\" sizes=\"(max-width: 1024px) 100vw, 1024px\" \/><\/figure>\n\n\n\n<p>P\u00e4\u00e4si\u00e4isaskartelua kyl\u00e4talolla 29.3 <\/p>\n\n\n\n<figure class=\"wp-block-image size-large\"><img decoding=\"async\" loading=\"lazy\" width=\"1024\" height=\"768\" src=\"https:\/\/www.hakojarvi.com\/wp-content\/uploads\/2025\/07\/IMG20240329151222-1024x768.jpg\" alt=\"\" class=\"wp-image-645\" srcset=\"https:\/\/www.hakojarvi.com\/wp-content\/uploads\/2025\/07\/IMG20240329151222-1024x768.jpg 1024w, https:\/\/www.hakojarvi.com\/wp-content\/uploads\/2025\/07\/IMG20240329151222-300x225.jpg 300w, https:\/\/www.hakojarvi.com\/wp-content\/uploads\/2025\/07\/IMG20240329151222-768x576.jpg 768w, https:\/\/www.hakojarvi.com\/wp-content\/uploads\/2025\/07\/IMG20240329151222-1536x1152.jpg 1536w, https:\/\/www.hakojarvi.com\/wp-content\/uploads\/2025\/07\/IMG20240329151222-2048x1536.jpg 2048w, https:\/\/www.hakojarvi.com\/wp-content\/uploads\/2025\/07\/IMG20240329151222-2000x1500.jpg 2000w\" sizes=\"(max-width: 1024px) 100vw, 1024px\" \/><\/figure>\n\n\n\n<figure class=\"wp-block-image size-large\"><img decoding=\"async\" loading=\"lazy\" width=\"768\" height=\"1024\" src=\"https:\/\/www.hakojarvi.com\/wp-content\/uploads\/2025\/07\/IMG20240329101856-768x1024.jpg\" alt=\"\" class=\"wp-image-646\" srcset=\"https:\/\/www.hakojarvi.com\/wp-content\/uploads\/2025\/07\/IMG20240329101856-768x1024.jpg 768w, https:\/\/www.hakojarvi.com\/wp-content\/uploads\/2025\/07\/IMG20240329101856-225x300.jpg 225w, https:\/\/www.hakojarvi.com\/wp-content\/uploads\/2025\/07\/IMG20240329101856-1152x1536.jpg 1152w, https:\/\/www.hakojarvi.com\/wp-content\/uploads\/2025\/07\/IMG20240329101856-1536x2048.jpg 1536w, https:\/\/www.hakojarvi.com\/wp-content\/uploads\/2025\/07\/IMG20240329101856-2000x2667.jpg 2000w, https:\/\/www.hakojarvi.com\/wp-content\/uploads\/2025\/07\/IMG20240329101856-scaled.jpg 1920w\" sizes=\"(max-width: 768px) 100vw, 768px\" \/><\/figure>\n","protected":false},"excerpt":{"rendered":"<p>Kuvia SM Tuuri Rallista 8.3.2024 EK1 -osuudelta Kettum\u00e4entie &#8211; Lehtom\u00e4entie -risteysalueelta P\u00e4\u00e4si\u00e4isaskartelua kyl\u00e4talolla 29.3<\/p>\n","protected":false},"author":1,"featured_media":0,"parent":0,"menu_order":0,"comment_status":"closed","ping_status":"closed","template":"","meta":[],"yoast_head":"<!-- This site is optimized with the Yoast SEO plugin v20.3 - https:\/\/yoast.com\/wordpress\/plugins\/seo\/ -->\n<title>2024 - Hakoj&auml;rvi<\/title>\n<meta name=\"robots\" content=\"index, follow, max-snippet:-1, max-image-preview:large, max-video-preview:-1\" \/>\n<link rel=\"canonical\" href=\"https:\/\/www.hakojarvi.com\/index.php\/2024-2\/\" \/>\n<meta property=\"og:locale\" content=\"fi_FI\" \/>\n<meta property=\"og:type\" content=\"article\" \/>\n<meta property=\"og:title\" content=\"2024 - Hakoj&auml;rvi\" \/>\n<meta property=\"og:description\" content=\"Kuvia SM Tuuri Rallista 8.3.2024 EK1 -osuudelta Kettum\u00e4entie &#8211; Lehtom\u00e4entie -risteysalueelta P\u00e4\u00e4si\u00e4isaskartelua kyl\u00e4talolla 29.3\" \/>\n<meta property=\"og:url\" content=\"https:\/\/www.hakojarvi.com\/index.php\/2024-2\/\" \/>\n<meta property=\"og:site_name\" content=\"Hakoj&auml;rvi\" \/>\n<meta property=\"og:image\" content=\"https:\/\/www.hakojarvi.com\/wp-content\/uploads\/2025\/07\/DSC0017-1024x683.jpg\" \/>\n<meta name=\"twitter:card\" content=\"summary_large_image\" \/>\n<meta name=\"twitter:label1\" content=\"Arvioitu lukuaika\" \/>\n\t<meta name=\"twitter:data1\" content=\"3 minuuttia\" \/>\n<script type=\"application\/ld+json\" class=\"yoast-schema-graph\">{\"@context\":\"https:\/\/schema.org\",\"@graph\":[{\"@type\":\"WebPage\",\"@id\":\"https:\/\/www.hakojarvi.com\/index.php\/2024-2\/\",\"url\":\"https:\/\/www.hakojarvi.com\/index.php\/2024-2\/\",\"name\":\"2024 - Hakoj&auml;rvi\",\"isPartOf\":{\"@id\":\"https:\/\/www.hakojarvi.com\/#website\"},\"datePublished\":\"2025-07-13T06:57:02+00:00\",\"dateModified\":\"2025-07-13T06:57:02+00:00\",\"breadcrumb\":{\"@id\":\"https:\/\/www.hakojarvi.com\/index.php\/2024-2\/#breadcrumb\"},\"inLanguage\":\"fi\",\"potentialAction\":[{\"@type\":\"ReadAction\",\"target\":[\"https:\/\/www.hakojarvi.com\/index.php\/2024-2\/\"]}]},{\"@type\":\"BreadcrumbList\",\"@id\":\"https:\/\/www.hakojarvi.com\/index.php\/2024-2\/#breadcrumb\",\"itemListElement\":[{\"@type\":\"ListItem\",\"position\":1,\"name\":\"Etusivu\",\"item\":\"https:\/\/www.hakojarvi.com\/\"},{\"@type\":\"ListItem\",\"position\":2,\"name\":\"2024\"}]},{\"@type\":\"WebSite\",\"@id\":\"https:\/\/www.hakojarvi.com\/#website\",\"url\":\"https:\/\/www.hakojarvi.com\/\",\"name\":\"Hakoj&auml;rvi\",\"description\":\"mulle mukava kyl&auml;\",\"potentialAction\":[{\"@type\":\"SearchAction\",\"target\":{\"@type\":\"EntryPoint\",\"urlTemplate\":\"https:\/\/www.hakojarvi.com\/?s={search_term_string}\"},\"query-input\":\"required name=search_term_string\"}],\"inLanguage\":\"fi\"}]}<\/script>\n<!-- \/ Yoast SEO plugin. -->","yoast_head_json":{"title":"2024 - Hakoj&auml;rvi","robots":{"index":"index","follow":"follow","max-snippet":"max-snippet:-1","max-image-preview":"max-image-preview:large","max-video-preview":"max-video-preview:-1"},"canonical":"https:\/\/www.hakojarvi.com\/index.php\/2024-2\/","og_locale":"fi_FI","og_type":"article","og_title":"2024 - Hakoj&auml;rvi","og_description":"Kuvia SM Tuuri Rallista 8.3.2024 EK1 -osuudelta Kettum\u00e4entie &#8211; Lehtom\u00e4entie -risteysalueelta P\u00e4\u00e4si\u00e4isaskartelua kyl\u00e4talolla 29.3","og_url":"https:\/\/www.hakojarvi.com\/index.php\/2024-2\/","og_site_name":"Hakoj&auml;rvi","og_image":[{"url":"https:\/\/www.hakojarvi.com\/wp-content\/uploads\/2025\/07\/DSC0017-1024x683.jpg"}],"twitter_card":"summary_large_image","twitter_misc":{"Arvioitu lukuaika":"3 minuuttia"},"schema":{"@context":"https:\/\/schema.org","@graph":[{"@type":"WebPage","@id":"https:\/\/www.hakojarvi.com\/index.php\/2024-2\/","url":"https:\/\/www.hakojarvi.com\/index.php\/2024-2\/","name":"2024 - Hakoj&auml;rvi","isPartOf":{"@id":"https:\/\/www.hakojarvi.com\/#website"},"datePublished":"2025-07-13T06:57:02+00:00","dateModified":"2025-07-13T06:57:02+00:00","breadcrumb":{"@id":"https:\/\/www.hakojarvi.com\/index.php\/2024-2\/#breadcrumb"},"inLanguage":"fi","potentialAction":[{"@type":"ReadAction","target":["https:\/\/www.hakojarvi.com\/index.php\/2024-2\/"]}]},{"@type":"BreadcrumbList","@id":"https:\/\/www.hakojarvi.com\/index.php\/2024-2\/#breadcrumb","itemListElement":[{"@type":"ListItem","position":1,"name":"Etusivu","item":"https:\/\/www.hakojarvi.com\/"},{"@type":"ListItem","position":2,"name":"2024"}]},{"@type":"WebSite","@id":"https:\/\/www.hakojarvi.com\/#website","url":"https:\/\/www.hakojarvi.com\/","name":"Hakoj&auml;rvi","description":"mulle mukava kyl&auml;","potentialAction":[{"@type":"SearchAction","target":{"@type":"EntryPoint","urlTemplate":"https:\/\/www.hakojarvi.com\/?s={search_term_string}"},"query-input":"required name=search_term_string"}],"inLanguage":"fi"}]}},"_links":{"self":[{"href":"https:\/\/www.hakojarvi.com\/index.php\/wp-json\/wp\/v2\/pages\/644"}],"collection":[{"href":"https:\/\/www.hakojarvi.com\/index.php\/wp-json\/wp\/v2\/pages"}],"about":[{"href":"https:\/\/www.hakojarvi.com\/index.php\/wp-json\/wp\/v2\/types\/page"}],"author":[{"embeddable":true,"href":"https:\/\/www.hakojarvi.com\/index.php\/wp-json\/wp\/v2\/users\/1"}],"replies":[{"embeddable":true,"href":"https:\/\/www.hakojarvi.com\/index.php\/wp-json\/wp\/v2\/comments?post=644"}],"version-history":[{"count":1,"href":"https:\/\/www.hakojarvi.com\/index.php\/wp-json\/wp\/v2\/pages\/644\/revisions"}],"predecessor-version":[{"id":658,"href":"https:\/\/www.hakojarvi.com\/index.php\/wp-json\/wp\/v2\/pages\/644\/revisions\/658"}],"wp:attachment":[{"href":"https:\/\/www.hakojarvi.com\/index.php\/wp-json\/wp\/v2\/media?parent=644"}],"curies":[{"name":"wp","href":"https:\/\/api.w.org\/{rel}","templated":true}]}}