{"id":2,"date":"2019-06-05T11:39:57","date_gmt":"2019-06-05T11:39:57","guid":{"rendered":"http:\/\/www.hakojarvi.com\/?page_id=2"},"modified":"2026-04-10T05:05:14","modified_gmt":"2026-04-10T05:05:14","slug":"sample-page","status":"publish","type":"page","link":"https:\/\/www.hakojarvi.com\/","title":{"rendered":"Tervetuloa Hakoj\u00e4rvelle!"},"content":{"rendered":"\n<p><\/p>\n\n\n\n<p>Hakoj\u00e4rvi on n. 370 asukkaan kyl\u00e4 Alavudella (entisen T\u00f6ys\u00e4n kunnan puolella), Etel\u00e4-Pohjanmaan it\u00e4osassa. Kyl\u00e4lle omaleimaista on sen nuori ik\u00e4rakenne, aktiivinen ote kyl\u00e4n omien asioiden hoitamiseen, sek\u00e4 vahva yhteis\u00f6llisyys, mik\u00e4 n\u00e4kyy vahvasti el\u00e4v\u00e4n\u00e4 talkooperinteen\u00e4. Hyvien tieyhteyksien ansiosta palvelut ovat helposti saatavilla.<\/p>\n\n\n\n<p>Hakoj\u00e4rven kyl\u00e4sivuilta l\u00f6yd\u00e4t tietoa kyl\u00e4n ja l\u00e4hikuntien tarjoamista palveluista, harrastusmahdollisuuksista sek\u00e4 yrityksist\u00e4. Kuvagalleriasta l\u00f6yd\u00e4t uusia ja vanhoja kuvia kyl\u00e4n tapahtumista.<br>Hakoj\u00e4rven kyl\u00e4n l\u00f6yd\u00e4t my\u00f6s Facebookista ja Instagramista: Hakoj\u00e4rven kyl\u00e4.<\/p>\n\n\n\n<p class=\"has-text-align-center\"><strong>HUOM! Uusin kyl\u00e4tiedote l\u00f6ytyy AJANKOHTAISTA &#8211; v\u00e4lilehdelt\u00e4<\/strong>.<\/p>\n\n\n\n<p><\/p>\n","protected":false},"excerpt":{"rendered":"<p>Hakoj\u00e4rvi on n. 370 asukkaan kyl\u00e4 Alavudella (entisen T\u00f6ys\u00e4n kunnan puolella), Etel\u00e4-Pohjanmaan it\u00e4osassa. Kyl\u00e4lle omaleimaista on sen nuori ik\u00e4rakenne, aktiivinen ote kyl\u00e4n omien asioiden hoitamiseen, sek\u00e4 vahva yhteis\u00f6llisyys, mik\u00e4 n\u00e4kyy vahvasti el\u00e4v\u00e4n\u00e4 talkooperinteen\u00e4. Hyvien tieyhteyksien ansiosta palvelut ovat helposti saatavilla. Hakoj\u00e4rven kyl\u00e4sivuilta l\u00f6yd\u00e4t tietoa kyl\u00e4n ja l\u00e4hikuntien tarjoamista palveluista, harrastusmahdollisuuksista sek\u00e4 yrityksist\u00e4. Kuvagalleriasta l\u00f6yd\u00e4t uusia &hellip; <\/p>\n<p class=\"link-more\"><a href=\"https:\/\/www.hakojarvi.com\/\" class=\"more-link\">Read more<span class=\"screen-reader-text\"> &#8221;Tervetuloa Hakoj\u00e4rvelle!&#8221;<\/span><\/a><\/p>\n","protected":false},"author":1,"featured_media":0,"parent":0,"menu_order":0,"comment_status":"closed","ping_status":"open","template":"","meta":[],"yoast_head":"<!-- This site is optimized with the Yoast SEO plugin v20.3 - https:\/\/yoast.com\/wordpress\/plugins\/seo\/ -->\n<title>Tervetuloa Hakoj\u00e4rvelle! - Hakoj&auml;rvi<\/title>\n<meta name=\"description\" content=\"Hakoj\u00e4rvi on n. 370 asukkaan kyl\u00e4 Alavudella (entisen T\u00f6ys\u00e4n kunnan puolella), Etel\u00e4-Pohjanmaan it\u00e4osassa.\" \/>\n<meta name=\"robots\" content=\"index, follow, max-snippet:-1, max-image-preview:large, max-video-preview:-1\" \/>\n<link rel=\"canonical\" href=\"https:\/\/www.hakojarvi.com\/\" \/>\n<meta property=\"og:locale\" content=\"fi_FI\" \/>\n<meta property=\"og:type\" content=\"article\" \/>\n<meta property=\"og:title\" content=\"Tervetuloa Hakoj\u00e4rvelle! - Hakoj&auml;rvi\" \/>\n<meta property=\"og:description\" content=\"Hakoj\u00e4rvi on n. 370 asukkaan kyl\u00e4 Alavudella (entisen T\u00f6ys\u00e4n kunnan puolella), Etel\u00e4-Pohjanmaan it\u00e4osassa.\" \/>\n<meta property=\"og:url\" content=\"https:\/\/www.hakojarvi.com\/\" \/>\n<meta property=\"og:site_name\" content=\"Hakoj&auml;rvi\" \/>\n<meta property=\"article:modified_time\" content=\"2026-04-10T05:05:14+00:00\" \/>\n<meta name=\"twitter:card\" content=\"summary_large_image\" \/>\n<meta name=\"twitter:label1\" content=\"Arvioitu lukuaika\" \/>\n\t<meta name=\"twitter:data1\" content=\"1 minuutti\" \/>\n<script type=\"application\/ld+json\" class=\"yoast-schema-graph\">{\"@context\":\"https:\/\/schema.org\",\"@graph\":[{\"@type\":\"WebPage\",\"@id\":\"https:\/\/www.hakojarvi.com\/\",\"url\":\"https:\/\/www.hakojarvi.com\/\",\"name\":\"Tervetuloa Hakoj\u00e4rvelle! - Hakoj&auml;rvi\",\"isPartOf\":{\"@id\":\"https:\/\/www.hakojarvi.com\/#website\"},\"datePublished\":\"2019-06-05T11:39:57+00:00\",\"dateModified\":\"2026-04-10T05:05:14+00:00\",\"description\":\"Hakoj\u00e4rvi on n. 370 asukkaan kyl\u00e4 Alavudella (entisen T\u00f6ys\u00e4n kunnan puolella), Etel\u00e4-Pohjanmaan it\u00e4osassa.\",\"breadcrumb\":{\"@id\":\"https:\/\/www.hakojarvi.com\/#breadcrumb\"},\"inLanguage\":\"fi\",\"potentialAction\":[{\"@type\":\"ReadAction\",\"target\":[\"https:\/\/www.hakojarvi.com\/\"]}]},{\"@type\":\"BreadcrumbList\",\"@id\":\"https:\/\/www.hakojarvi.com\/#breadcrumb\",\"itemListElement\":[{\"@type\":\"ListItem\",\"position\":1,\"name\":\"Etusivu\",\"item\":\"https:\/\/www.hakojarvi.com\/\"},{\"@type\":\"ListItem\",\"position\":2,\"name\":\"Tervetuloa Hakoj\u00e4rvelle!\"}]},{\"@type\":\"WebSite\",\"@id\":\"https:\/\/www.hakojarvi.com\/#website\",\"url\":\"https:\/\/www.hakojarvi.com\/\",\"name\":\"Hakoj&auml;rvi\",\"description\":\"mulle mukava kyl&auml;\",\"potentialAction\":[{\"@type\":\"SearchAction\",\"target\":{\"@type\":\"EntryPoint\",\"urlTemplate\":\"https:\/\/www.hakojarvi.com\/?s={search_term_string}\"},\"query-input\":\"required name=search_term_string\"}],\"inLanguage\":\"fi\"}]}<\/script>\n<!-- \/ Yoast SEO plugin. -->","yoast_head_json":{"title":"Tervetuloa Hakoj\u00e4rvelle! - Hakoj&auml;rvi","description":"Hakoj\u00e4rvi on n. 370 asukkaan kyl\u00e4 Alavudella (entisen T\u00f6ys\u00e4n kunnan puolella), Etel\u00e4-Pohjanmaan it\u00e4osassa.","robots":{"index":"index","follow":"follow","max-snippet":"max-snippet:-1","max-image-preview":"max-image-preview:large","max-video-preview":"max-video-preview:-1"},"canonical":"https:\/\/www.hakojarvi.com\/","og_locale":"fi_FI","og_type":"article","og_title":"Tervetuloa Hakoj\u00e4rvelle! - Hakoj&auml;rvi","og_description":"Hakoj\u00e4rvi on n. 370 asukkaan kyl\u00e4 Alavudella (entisen T\u00f6ys\u00e4n kunnan puolella), Etel\u00e4-Pohjanmaan it\u00e4osassa.","og_url":"https:\/\/www.hakojarvi.com\/","og_site_name":"Hakoj&auml;rvi","article_modified_time":"2026-04-10T05:05:14+00:00","twitter_card":"summary_large_image","twitter_misc":{"Arvioitu lukuaika":"1 minuutti"},"schema":{"@context":"https:\/\/schema.org","@graph":[{"@type":"WebPage","@id":"https:\/\/www.hakojarvi.com\/","url":"https:\/\/www.hakojarvi.com\/","name":"Tervetuloa Hakoj\u00e4rvelle! - Hakoj&auml;rvi","isPartOf":{"@id":"https:\/\/www.hakojarvi.com\/#website"},"datePublished":"2019-06-05T11:39:57+00:00","dateModified":"2026-04-10T05:05:14+00:00","description":"Hakoj\u00e4rvi on n. 370 asukkaan kyl\u00e4 Alavudella (entisen T\u00f6ys\u00e4n kunnan puolella), Etel\u00e4-Pohjanmaan it\u00e4osassa.","breadcrumb":{"@id":"https:\/\/www.hakojarvi.com\/#breadcrumb"},"inLanguage":"fi","potentialAction":[{"@type":"ReadAction","target":["https:\/\/www.hakojarvi.com\/"]}]},{"@type":"BreadcrumbList","@id":"https:\/\/www.hakojarvi.com\/#breadcrumb","itemListElement":[{"@type":"ListItem","position":1,"name":"Etusivu","item":"https:\/\/www.hakojarvi.com\/"},{"@type":"ListItem","position":2,"name":"Tervetuloa Hakoj\u00e4rvelle!"}]},{"@type":"WebSite","@id":"https:\/\/www.hakojarvi.com\/#website","url":"https:\/\/www.hakojarvi.com\/","name":"Hakoj&auml;rvi","description":"mulle mukava kyl&auml;","potentialAction":[{"@type":"SearchAction","target":{"@type":"EntryPoint","urlTemplate":"https:\/\/www.hakojarvi.com\/?s={search_term_string}"},"query-input":"required name=search_term_string"}],"inLanguage":"fi"}]}},"_links":{"self":[{"href":"https:\/\/www.hakojarvi.com\/index.php\/wp-json\/wp\/v2\/pages\/2"}],"collection":[{"href":"https:\/\/www.hakojarvi.com\/index.php\/wp-json\/wp\/v2\/pages"}],"about":[{"href":"https:\/\/www.hakojarvi.com\/index.php\/wp-json\/wp\/v2\/types\/page"}],"author":[{"embeddable":true,"href":"https:\/\/www.hakojarvi.com\/index.php\/wp-json\/wp\/v2\/users\/1"}],"replies":[{"embeddable":true,"href":"https:\/\/www.hakojarvi.com\/index.php\/wp-json\/wp\/v2\/comments?post=2"}],"version-history":[{"count":17,"href":"https:\/\/www.hakojarvi.com\/index.php\/wp-json\/wp\/v2\/pages\/2\/revisions"}],"predecessor-version":[{"id":729,"href":"https:\/\/www.hakojarvi.com\/index.php\/wp-json\/wp\/v2\/pages\/2\/revisions\/729"}],"wp:attachment":[{"href":"https:\/\/www.hakojarvi.com\/index.php\/wp-json\/wp\/v2\/media?parent=2"}],"curies":[{"name":"wp","href":"https:\/\/api.w.org\/{rel}","templated":true}]}}