{"id":1127,"date":"2026-04-10T07:44:40","date_gmt":"2026-04-10T07:44:40","guid":{"rendered":"https:\/\/www.hakojarvi.com\/?page_id=1127"},"modified":"2026-04-10T07:50:11","modified_gmt":"2026-04-10T07:50:11","slug":"hakojarven-kylakeskus","status":"publish","type":"page","link":"https:\/\/www.hakojarvi.com\/index.php\/hakojarven-kylakeskus\/","title":{"rendered":"Hakoj\u00e4rven kyl\u00e4keskus"},"content":{"rendered":"\n<p>Hakoj\u00e4rven kyl\u00e4keskus k\u00e4sitt\u00e4\u00e4 Hakoj\u00e4rven kyl\u00e4talon ja Hakoj\u00e4rven entisen koulun tilat. Tilat sijaitsevat osoitteessa \u00c4ht\u00e4rintie 585, 63680 Hakoj\u00e4rvi. Voit tiedustella tilojen k\u00e4yt\u00f6st\u00e4 hakojarvikyla@gmail.com tai Ari Hakola 045 1246995.<\/p>\n\n\n\n<p><a href=\"https:\/\/www.hakojarvi.com\/index.php\/palvelut\/kylatalo\/\" target=\"_blank\" rel=\"noreferrer noopener\">Kyl\u00e4talo<\/a><\/p>\n\n\n\n<p><a href=\"https:\/\/www.hakojarvi.com\/index.php\/palvelut\/koulu\/\" target=\"_blank\" rel=\"noreferrer noopener\">Koulu<\/a><\/p>\n\n\n\n<p><a href=\"https:\/\/www.hakojarvi.com\/index.php\/palvelut\/hyvinvointipalveluyrittajat\/\" target=\"_blank\" rel=\"noreferrer noopener\">Hyvinvointipalvelut<\/a><\/p>\n\n\n\n<p><a href=\"https:\/\/www.hakojarvi.com\/index.php\/kahvila\/\" target=\"_blank\" rel=\"noreferrer noopener\">Kahvila<\/a> <\/p>\n","protected":false},"excerpt":{"rendered":"<p>Hakoj\u00e4rven kyl\u00e4keskus k\u00e4sitt\u00e4\u00e4 Hakoj\u00e4rven kyl\u00e4talon ja Hakoj\u00e4rven entisen koulun tilat. Tilat sijaitsevat osoitteessa \u00c4ht\u00e4rintie 585, 63680 Hakoj\u00e4rvi. Voit tiedustella tilojen k\u00e4yt\u00f6st\u00e4 hakojarvikyla@gmail.com tai Ari Hakola 045 1246995. Kyl\u00e4talo Koulu Hyvinvointipalvelut Kahvila<\/p>\n","protected":false},"author":1,"featured_media":0,"parent":0,"menu_order":0,"comment_status":"closed","ping_status":"closed","template":"","meta":[],"yoast_head":"<!-- This site is optimized with the Yoast SEO plugin v20.3 - https:\/\/yoast.com\/wordpress\/plugins\/seo\/ -->\n<title>Hakoj\u00e4rven kyl\u00e4keskus - Hakoj&auml;rvi<\/title>\n<meta name=\"description\" content=\"Hakoj\u00e4rven kyl\u00e4keskus k\u00e4sitt\u00e4\u00e4 Hakoj\u00e4rven kyl\u00e4talon ja Hakoj\u00e4rven entisen koulun tilat. Tilat sijaitsevat osoitteessa \u00c4ht\u00e4rintie 585.\" \/>\n<meta name=\"robots\" content=\"index, follow, max-snippet:-1, max-image-preview:large, max-video-preview:-1\" \/>\n<link rel=\"canonical\" href=\"https:\/\/www.hakojarvi.com\/index.php\/hakojarven-kylakeskus\/\" \/>\n<meta property=\"og:locale\" content=\"fi_FI\" \/>\n<meta property=\"og:type\" content=\"article\" \/>\n<meta property=\"og:title\" content=\"Hakoj\u00e4rven kyl\u00e4keskus - Hakoj&auml;rvi\" \/>\n<meta property=\"og:description\" content=\"Hakoj\u00e4rven kyl\u00e4keskus k\u00e4sitt\u00e4\u00e4 Hakoj\u00e4rven kyl\u00e4talon ja Hakoj\u00e4rven entisen koulun tilat. Tilat sijaitsevat osoitteessa \u00c4ht\u00e4rintie 585.\" \/>\n<meta property=\"og:url\" content=\"https:\/\/www.hakojarvi.com\/index.php\/hakojarven-kylakeskus\/\" \/>\n<meta property=\"og:site_name\" content=\"Hakoj&auml;rvi\" \/>\n<meta property=\"article:modified_time\" content=\"2026-04-10T07:50:11+00:00\" \/>\n<meta name=\"twitter:card\" content=\"summary_large_image\" \/>\n<meta name=\"twitter:label1\" content=\"Arvioitu lukuaika\" \/>\n\t<meta name=\"twitter:data1\" content=\"1 minuutti\" \/>\n<script type=\"application\/ld+json\" class=\"yoast-schema-graph\">{\"@context\":\"https:\/\/schema.org\",\"@graph\":[{\"@type\":\"WebPage\",\"@id\":\"https:\/\/www.hakojarvi.com\/index.php\/hakojarven-kylakeskus\/\",\"url\":\"https:\/\/www.hakojarvi.com\/index.php\/hakojarven-kylakeskus\/\",\"name\":\"Hakoj\u00e4rven kyl\u00e4keskus - Hakoj&auml;rvi\",\"isPartOf\":{\"@id\":\"https:\/\/www.hakojarvi.com\/#website\"},\"datePublished\":\"2026-04-10T07:44:40+00:00\",\"dateModified\":\"2026-04-10T07:50:11+00:00\",\"description\":\"Hakoj\u00e4rven kyl\u00e4keskus k\u00e4sitt\u00e4\u00e4 Hakoj\u00e4rven kyl\u00e4talon ja Hakoj\u00e4rven entisen koulun tilat. Tilat sijaitsevat osoitteessa \u00c4ht\u00e4rintie 585.\",\"breadcrumb\":{\"@id\":\"https:\/\/www.hakojarvi.com\/index.php\/hakojarven-kylakeskus\/#breadcrumb\"},\"inLanguage\":\"fi\",\"potentialAction\":[{\"@type\":\"ReadAction\",\"target\":[\"https:\/\/www.hakojarvi.com\/index.php\/hakojarven-kylakeskus\/\"]}]},{\"@type\":\"BreadcrumbList\",\"@id\":\"https:\/\/www.hakojarvi.com\/index.php\/hakojarven-kylakeskus\/#breadcrumb\",\"itemListElement\":[{\"@type\":\"ListItem\",\"position\":1,\"name\":\"Etusivu\",\"item\":\"https:\/\/www.hakojarvi.com\/\"},{\"@type\":\"ListItem\",\"position\":2,\"name\":\"Hakoj\u00e4rven kyl\u00e4keskus\"}]},{\"@type\":\"WebSite\",\"@id\":\"https:\/\/www.hakojarvi.com\/#website\",\"url\":\"https:\/\/www.hakojarvi.com\/\",\"name\":\"Hakoj&auml;rvi\",\"description\":\"mulle mukava kyl&auml;\",\"potentialAction\":[{\"@type\":\"SearchAction\",\"target\":{\"@type\":\"EntryPoint\",\"urlTemplate\":\"https:\/\/www.hakojarvi.com\/?s={search_term_string}\"},\"query-input\":\"required name=search_term_string\"}],\"inLanguage\":\"fi\"}]}<\/script>\n<!-- \/ Yoast SEO plugin. -->","yoast_head_json":{"title":"Hakoj\u00e4rven kyl\u00e4keskus - Hakoj&auml;rvi","description":"Hakoj\u00e4rven kyl\u00e4keskus k\u00e4sitt\u00e4\u00e4 Hakoj\u00e4rven kyl\u00e4talon ja Hakoj\u00e4rven entisen koulun tilat. Tilat sijaitsevat osoitteessa \u00c4ht\u00e4rintie 585.","robots":{"index":"index","follow":"follow","max-snippet":"max-snippet:-1","max-image-preview":"max-image-preview:large","max-video-preview":"max-video-preview:-1"},"canonical":"https:\/\/www.hakojarvi.com\/index.php\/hakojarven-kylakeskus\/","og_locale":"fi_FI","og_type":"article","og_title":"Hakoj\u00e4rven kyl\u00e4keskus - Hakoj&auml;rvi","og_description":"Hakoj\u00e4rven kyl\u00e4keskus k\u00e4sitt\u00e4\u00e4 Hakoj\u00e4rven kyl\u00e4talon ja Hakoj\u00e4rven entisen koulun tilat. Tilat sijaitsevat osoitteessa \u00c4ht\u00e4rintie 585.","og_url":"https:\/\/www.hakojarvi.com\/index.php\/hakojarven-kylakeskus\/","og_site_name":"Hakoj&auml;rvi","article_modified_time":"2026-04-10T07:50:11+00:00","twitter_card":"summary_large_image","twitter_misc":{"Arvioitu lukuaika":"1 minuutti"},"schema":{"@context":"https:\/\/schema.org","@graph":[{"@type":"WebPage","@id":"https:\/\/www.hakojarvi.com\/index.php\/hakojarven-kylakeskus\/","url":"https:\/\/www.hakojarvi.com\/index.php\/hakojarven-kylakeskus\/","name":"Hakoj\u00e4rven kyl\u00e4keskus - Hakoj&auml;rvi","isPartOf":{"@id":"https:\/\/www.hakojarvi.com\/#website"},"datePublished":"2026-04-10T07:44:40+00:00","dateModified":"2026-04-10T07:50:11+00:00","description":"Hakoj\u00e4rven kyl\u00e4keskus k\u00e4sitt\u00e4\u00e4 Hakoj\u00e4rven kyl\u00e4talon ja Hakoj\u00e4rven entisen koulun tilat. Tilat sijaitsevat osoitteessa \u00c4ht\u00e4rintie 585.","breadcrumb":{"@id":"https:\/\/www.hakojarvi.com\/index.php\/hakojarven-kylakeskus\/#breadcrumb"},"inLanguage":"fi","potentialAction":[{"@type":"ReadAction","target":["https:\/\/www.hakojarvi.com\/index.php\/hakojarven-kylakeskus\/"]}]},{"@type":"BreadcrumbList","@id":"https:\/\/www.hakojarvi.com\/index.php\/hakojarven-kylakeskus\/#breadcrumb","itemListElement":[{"@type":"ListItem","position":1,"name":"Etusivu","item":"https:\/\/www.hakojarvi.com\/"},{"@type":"ListItem","position":2,"name":"Hakoj\u00e4rven kyl\u00e4keskus"}]},{"@type":"WebSite","@id":"https:\/\/www.hakojarvi.com\/#website","url":"https:\/\/www.hakojarvi.com\/","name":"Hakoj&auml;rvi","description":"mulle mukava kyl&auml;","potentialAction":[{"@type":"SearchAction","target":{"@type":"EntryPoint","urlTemplate":"https:\/\/www.hakojarvi.com\/?s={search_term_string}"},"query-input":"required name=search_term_string"}],"inLanguage":"fi"}]}},"_links":{"self":[{"href":"https:\/\/www.hakojarvi.com\/index.php\/wp-json\/wp\/v2\/pages\/1127"}],"collection":[{"href":"https:\/\/www.hakojarvi.com\/index.php\/wp-json\/wp\/v2\/pages"}],"about":[{"href":"https:\/\/www.hakojarvi.com\/index.php\/wp-json\/wp\/v2\/types\/page"}],"author":[{"embeddable":true,"href":"https:\/\/www.hakojarvi.com\/index.php\/wp-json\/wp\/v2\/users\/1"}],"replies":[{"embeddable":true,"href":"https:\/\/www.hakojarvi.com\/index.php\/wp-json\/wp\/v2\/comments?post=1127"}],"version-history":[{"count":3,"href":"https:\/\/www.hakojarvi.com\/index.php\/wp-json\/wp\/v2\/pages\/1127\/revisions"}],"predecessor-version":[{"id":1132,"href":"https:\/\/www.hakojarvi.com\/index.php\/wp-json\/wp\/v2\/pages\/1127\/revisions\/1132"}],"wp:attachment":[{"href":"https:\/\/www.hakojarvi.com\/index.php\/wp-json\/wp\/v2\/media?parent=1127"}],"curies":[{"name":"wp","href":"https:\/\/api.w.org\/{rel}","templated":true}]}}